14)/(-63) - (-79)/9). Calculate the highest common divisor of t and p.
45
Let i(a) = -143 + 17*a + 28*a + 53 + 15*a. Let z be i(6). Calculate the greatest common divisor of 30 and z.
30
Suppose 3*k = 5*p - 16, -133*p + 137*p - 3*k = 14. What is the greatest common factor of 10702 and p?
2
Suppose -49*u + 38027 = -4505. Calculate the highest common divisor of 2356 and u.
124
Let a = 39980 - 27851. What is the greatest common divisor of 156 and a?
39
Let t(y) = y**3 + 9*y**2 + 7*y - 3. Let a be t(-8). Suppose -1819 = -a*d + 131. Calculate the highest common factor of d and 30.
30
Suppose 4*a + 82 = 2*d + 390, 6 = d. What is the greatest common factor of 2680 and a?
40
Suppose -1672 = 447*i - 232*i - 237*i. What is the highest common divisor of 475 and i?
19
Let a be 51*(6 + (-96)/18). Suppose -27 = 3*x - 4*x - 3*n, 2*x + n = a. Calculate the highest common factor of x and 6.
3
Let o(m) = m**2 - 17*m - 819. Let s be o(-22). What is the greatest common factor of s and 66?
3
Let p be (-185)/(-30) + 2/(-12). Suppose 3*h = 2*t + p*h - 155, 4*t - 2*h = 350. Suppose -36*g = -31*g - t. What is the highest common divisor of g and 153?
17
Suppose -207 = -4*j - 203. Let r(d) = 123*d**3 + d**2 - 2*d + 2. Let y be r(j). Calculate the highest common divisor of y and 31.
31
Suppose 4*k - 27*k + 13156 = -k. Calculate the greatest common divisor of k and 414.
46
Suppose -3*u = -2*b - 390, -u - 3*b + 72 + 47 = 0. Let c = -40 + 47. Let k = 39 - c. What is the highest common factor of k and u?
32
Let a(h) = h**3 - 24*h**2 - 51*h - 32. Let k be a(26). Let q be (k*8)/((-2)/14*2). Calculate the highest common divisor of q and 21.
21
Suppose -5*t + 198 = 3*q, -2*t + 2*q + 798 = 706. Let d = -54 + 84. Calculate the greatest common divisor of t and d.
6
Let n = 712 + -702. Let m(s) = 20*s - 6. Let z be m(8). Suppose n*o = -o + z. What is the highest common factor of o and 2?
2
Let z(y) = y + 10. Let u be z(0). Let v = u + -5. Let c be 50 + (2 - (-12)/(-1)). Calculate the highest common divisor of c and v.
5
Suppose -4*g + 37 = 3*s - 11, 4*g = -4*s + 48. Calculate the greatest common factor of 13404 and g.
12
Let q be (28305/(-12))/(-15) + 115/(-92). Calculate the greatest common divisor of q and 1144.
52
Let d(s) = -s**2 - 9*s - 4. Let h be d(-8). Suppose -620 - 202 = -2*i - 2*n, -2*i = h*n - 816. Calculate the greatest common factor of i and 18.
18
Let f be (264/(-5))/(12/(-180)). Calculate the greatest common factor of f and 440.
88
Suppose 3*o = 2*i - 1103, -578*i - 5*o = -577*i - 584. What is the highest common divisor of 351 and i?
13
Suppose -k + 8 = 3*k, 2*c = -4*k + 54. Let y = -22 + c. Let x be (580/(-15))/(y/(-6)). Calculate the highest common factor of x and 29.
29
Let z = -110 - -114. Let v = 94 - 67. Suppose -55 + v = -z*c. What is the greatest common divisor of c and 28?
7
Let t = 59 + -38. Let v(n) = -n**2 - 28*n + 3. Let r be v(0). Suppose -r*x + 177 = l, 3*l + 0*l + x - 563 = 0. What is the highest common factor of t and l?
21
Let t(h) = 95*h - 2490. Let n be t(27). Calculate the highest common factor of 2235 and n.
15
Let r = 80 - 76. Suppose -9*y = -r*y + 250. Let t = y - -72. What is the highest common factor of 66 and t?
22
Suppose -614 - 986 = -32*i. What is the greatest common factor of i and 1025?
25
Suppose 2*g - 161 = 61. Suppose -g*d + 420 = -97*d. What is the highest common divisor of d and 10?
10
Let m = -75 + 156. Let q = 18392 - 17906. Calculate the highest common divisor of m and q.
81
Let i = 2376 - 1944. What is the highest common factor of 112 and i?
16
Let h = -24 - -1. Let s = 25 + h. Let o be 84/24 - 3/s. What is the highest common factor of o and 5?
1
Let q be -2 - (29862/(-18) - 23). Let i(u) = 5*u + 5. Let k be i(3). What is the greatest common factor of k and q?
20
Let x be (-48)/32*10/(-3) + 380 + 0. Suppose -4*w = l - 243, 3*l - 3*w + 1 - 685 = 0. What is the greatest common divisor of l and x?
77
Suppose -107 = -21*d + 112 + 96. What is the greatest common factor of 3 and d?
3
Let s be ((-2)/20)/((-1)/((-24)/2))*-70. Calculate the highest common factor of 2044 and s.
28
Suppose 3 + 24 = 9*s. Let r be 5*(36/(-15) + s). Let j be ((-21)/(-4))/(r/12). Calculate the greatest common divisor of 14 and j.
7
Let n(a) = 41*a + 98. Let p be n(-5). Let y = -62 - p. Calculate the highest common divisor of 75 and y.
15
Let o = 5423 - 5381. Calculate the greatest common factor of o and 39.
3
Let d(b) = 286*b - 340. Let x be d(6). What is the highest common factor of x and 8?
8
Let v be (26/8)/(18/72). Calculate the greatest common divisor of v and 2249.
13
Let v(a) = -a**3 + 12*a**2 + 13*a + 5. Let g be v(13). Suppose -g*q + 175 = p, -6*p - 5*q - 505 = -9*p. What is the greatest common factor of p and 5?
5
Let b(v) = v**2 - 3*v. Let u be b(4). Let q(l) = 2*l**2 - 15*l - 16. Let x be q(12). Let z = -80 + x. What is the greatest common factor of u and z?
4
Let w = -3 + 105. Suppose -63 - w = -3*a. What is the greatest common divisor of 88 and a?
11
Suppose 150*z - 797 = 18941 + 9512. Calculate the greatest common divisor of 2106 and z.
39
Let m = 131 + -92. Let h = 3 - -1. Suppose -4*q + v + 104 = -0*q, 0 = -q - h*v + 26. What is the highest common factor of m and q?
13
Let t(r) = -r - 34. Let s be t(18). Let g = 52 + s. Suppose 11*m - 6 - 170 = g. Calculate the greatest common factor of m and 40.
8
Suppose -3*i - 144 = 6*i. Let m(o) = o**2 + 19*o + 70. Let s be m(i). What is the highest common divisor of 110 and s?
22
Suppose -4*g + 6772 = -t, -5*g + 6923 + 1529 = 2*t. Calculate the highest common divisor of g and 3008.
188
Let g be (-2)/6 - 163/(-3). Suppose 145*f - 148*f - 33 = 0. Let x(w) = 3*w**2 + 32*w + 7. Let m be x(f). What is the greatest common divisor of m and g?
18
Suppose -1550 = -13*v + 78*v - 12990. Let u = 91 - -19. What is the greatest common divisor of v and u?
22
Suppose -12*o + 216 = -936. Suppose 3*r - 4*w - 148 - o = 0, -r = -w - 82. Calculate the greatest common divisor of 63 and r.
21
Suppose 9*x - 81 = 216. Let i be (3/3 - -14) + -31 + x. Let m = 43 + 93. What is the greatest common divisor of i and m?
17
Let t = 16514 + -16271. Calculate the highest common factor of t and 288.
9
Let o be 4/(-6) - 404/6. Suppose 45*i + 6615 = -60*i. Let n = i - o. Calculate the greatest common factor of n and 35.
5
Suppose -30*b = 10*b - 280. Let i(m) = 7 - 21 + 4*m + m. Let n be i(7). What is the highest common divisor of n and b?
7
Suppose 0 = f - 4. Suppose -20*r + 14880 = 12*r. Suppose -f*j - 69 = -r. Calculate the highest common factor of 33 and j.
33
Let p = -1825 - -6041. Calculate the highest common divisor of 136 and p.
136
Let t be (2/6 - 0)*(-27)/1. Let u(p) = 9*p**2 + 62*p + 9. Let j be u(t). What is the greatest common factor of j and 20?
20
Let m be (0 - 20/(-9)) + 82/(-369). Let i(h) = 3*h - 2. Let q be i(3). Suppose 4*u = -g - 5, m*g + 4*u + q = 9. What is the highest common factor of 63 and g?
7
Let k(u) = -u + 19. Let q be k(15). Suppose -4*b - 5*y = -185, -q*b - 90*y + 178 = -92*y. What is the greatest common divisor of b and 435?
15
Suppose -2*i + 21 = 359. Let a = -141 - i. Calculate the highest common divisor of a and 56.
28
Let m(d) = -20*d + 100. Let f be m(-25). Calculate the highest common divisor of f and 100.
100
Suppose -25 + 80 = 5*w. Let v(z) = z**3 - 11*z**2 - 6*z - 50. Let b = -512 + 524. Let x be v(b). What is the greatest common divisor of x and w?
11
Let m be 112/2072 + 191136/111. Calculate the highest common divisor of 63 and m.
21
Let o(d) = -13*d**3 + 4*d**2 + 2*d - 2. Let h be o(-2). Let a = -85 + h. Calculate the greatest common factor of 783 and a.
29
Let i(z) = -118*z - 564. Let b be i(-6). Calculate the greatest common factor of 738 and b.
18
Let l be ((-8337)/12)/((-194)/776). What is the greatest common divisor of 7 and l?
7
Suppose 4*y = -3*a + 2*y + 6, 0 = 2*a - 3*y - 17. Suppose 2*w + 112 - 69 = 57. Suppose -a*u = -w*u + 54. What is the greatest common factor of 198 and u?
18
Let d = 5914 - 5904. Calculate the greatest common factor of 1670 and d.
10
Let b(n) = n**2 - 7*n - 39. Let g be b(13). Suppose -111 = -3*s - g. Calculate the highest common divisor of s and 66.
6
Suppose -81 = 18*t + 99. Let o be (3*4/8)/((-3)/t). Calculate the greatest common factor of 10 and o.
5
Let m be 